{"id":1409,"date":"2022-09-29T12:41:30","date_gmt":"2022-09-29T12:41:30","guid":{"rendered":"https:\/\/liceovalentinletelierrecoleta.cl\/blog\/?page_id=1409"},"modified":"2022-10-10T17:13:39","modified_gmt":"2022-10-10T17:13:39","slug":"programa-cati","status":"publish","type":"page","link":"https:\/\/liceovalentinletelierrecoleta.cl\/blog\/index.php\/quienes-somos\/programa-cati\/","title":{"rendered":"Programa CATI"},"content":{"rendered":"<p style=\"text-align: center;\"><strong>Centro de Apoyo Tutorial Integral (CATI)<\/strong><\/p>\n<p style=\"text-align: justify;\">El CATI tiene como objetivo brindar apoyo de car\u00e1cter \u201chumano y formativo integral\u201d a los ni\u00f1os, ni\u00f1as y j\u00f3venes, promoviendo la salud, el bienestar, la convivencia, los aprendizajes, y una mejor calidad de vida en nuestra comunidad educativa, todo esto a trav\u00e9s de las siguientes acciones:<\/p>\n<p style=\"text-align: justify;\"><a href=\"https:\/\/liceovalentinletelierrecoleta.cl\/blog\/wp-content\/uploads\/2022\/10\/CATI-2.png\"><img loading=\"lazy\" decoding=\"async\" class=\" wp-image-1670 alignleft\" src=\"https:\/\/liceovalentinletelierrecoleta.cl\/blog\/wp-content\/uploads\/2022\/10\/CATI-2-300x300.png\" alt=\"\" width=\"194\" height=\"194\" srcset=\"https:\/\/liceovalentinletelierrecoleta.cl\/blog\/wp-content\/uploads\/2022\/10\/CATI-2-300x300.png 300w, https:\/\/liceovalentinletelierrecoleta.cl\/blog\/wp-content\/uploads\/2022\/10\/CATI-2-150x150.png 150w, https:\/\/liceovalentinletelierrecoleta.cl\/blog\/wp-content\/uploads\/2022\/10\/CATI-2-768x768.png 768w, https:\/\/liceovalentinletelierrecoleta.cl\/blog\/wp-content\/uploads\/2022\/10\/CATI-2-850x850.png 850w, https:\/\/liceovalentinletelierrecoleta.cl\/blog\/wp-content\/uploads\/2022\/10\/CATI-2.png 1000w\" sizes=\"auto, (max-width: 194px) 100vw, 194px\" \/><\/a><\/p>\n<p style=\"text-align: justify;\">\u2022 Creaci\u00f3n de Duplas Psicociales.<\/p>\n<p style=\"text-align: justify;\">\u2022 Formar mesas Psicosocioeducativas, crear Equipos de Acompa\u00f1amiento de la Convivencia en las escuelas.<\/p>\n<p style=\"text-align: justify;\">\u2022 Programa que impacta la carga docente desde la cantidad horas disponibles para los profesores tutores los que cuentan con un 70% de horas no lectivas y un 30% de horas lectivas, esto traducido a cifras concretas: cada profesor tutor cuanta con 44 horas cronol\u00f3gicas de contrato; 59 horas pedag\u00f3gicas, de las cuales, 18 horas corresponden a clases y el resto de ellas, 41 horas, al tiempo que posee el profesor para dedicarse efectivamente a su curso a cargo.<\/p>\n<p style=\"text-align: justify;\"><a href=\"https:\/\/liceovalentinletelierrecoleta.cl\/blog\/wp-content\/uploads\/2022\/10\/CATI-1.png\"><img loading=\"lazy\" decoding=\"async\" class=\"alignright wp-image-1671\" src=\"https:\/\/liceovalentinletelierrecoleta.cl\/blog\/wp-content\/uploads\/2022\/10\/CATI-1-300x300.png\" alt=\"\" width=\"176\" height=\"176\" srcset=\"https:\/\/liceovalentinletelierrecoleta.cl\/blog\/wp-content\/uploads\/2022\/10\/CATI-1-300x300.png 300w, https:\/\/liceovalentinletelierrecoleta.cl\/blog\/wp-content\/uploads\/2022\/10\/CATI-1-150x150.png 150w, https:\/\/liceovalentinletelierrecoleta.cl\/blog\/wp-content\/uploads\/2022\/10\/CATI-1-768x768.png 768w, https:\/\/liceovalentinletelierrecoleta.cl\/blog\/wp-content\/uploads\/2022\/10\/CATI-1-850x850.png 850w, https:\/\/liceovalentinletelierrecoleta.cl\/blog\/wp-content\/uploads\/2022\/10\/CATI-1.png 1000w\" sizes=\"auto, (max-width: 176px) 100vw, 176px\" \/><\/a><\/p>\n<p style=\"text-align: justify;\">\u2022 EL CATI trabaja esencialmente desde una perspectiva multidisciplinaria, fortaleciendo las sinergias propias de la unidad educativa (Encargado de Convivencia, Orientador, equipo PIE, Dupla psicosocial). Su funci\u00f3n principal es convertirse en soporte t\u00e9cnico-vincular de la labor que desarrollan los Profesores Tutores de los establecimientos, operando bajo la l\u00f3gica de un trabajo mancomunado, en equipo, que con una mirada sist\u00e9mica y convergente busca resolver las problem\u00e1ticas de diverso orden que poseen los ni\u00f1os, ni\u00f1as y j\u00f3venes de la comunidad.<\/p>\n<p>&nbsp;<\/p>\n<p>&nbsp;<\/p>\n","protected":false},"excerpt":{"rendered":"<p>Centro de Apoyo Tutorial Integral (CATI) El CATI tiene como objetivo brindar apoyo de car\u00e1cter \u201chumano y formativo integral\u201d a los ni\u00f1os, ni\u00f1as y j\u00f3venes, promoviendo la salud, el bienestar, la convivencia, los aprendizajes, y una mejor calidad de vida en nuestra comunidad educativa, todo esto a trav\u00e9s de las siguientes acciones: \u2022 Creaci\u00f3n de&#8230;<\/p>\n","protected":false},"author":1,"featured_media":0,"parent":1013,"menu_order":4,"comment_status":"closed","ping_status":"closed","template":"","meta":{"footnotes":""},"class_list":["post-1409","page","type-page","status-publish","hentry"],"_links":{"self":[{"href":"https:\/\/liceovalentinletelierrecoleta.cl\/blog\/index.php\/wp-json\/wp\/v2\/pages\/1409","targetHints":{"allow":["GET"]}}],"collection":[{"href":"https:\/\/liceovalentinletelierrecoleta.cl\/blog\/index.php\/wp-json\/wp\/v2\/pages"}],"about":[{"href":"https:\/\/liceovalentinletelierrecoleta.cl\/blog\/index.php\/wp-json\/wp\/v2\/types\/page"}],"author":[{"embeddable":true,"href":"https:\/\/liceovalentinletelierrecoleta.cl\/blog\/index.php\/wp-json\/wp\/v2\/users\/1"}],"replies":[{"embeddable":true,"href":"https:\/\/liceovalentinletelierrecoleta.cl\/blog\/index.php\/wp-json\/wp\/v2\/comments?post=1409"}],"version-history":[{"count":11,"href":"https:\/\/liceovalentinletelierrecoleta.cl\/blog\/index.php\/wp-json\/wp\/v2\/pages\/1409\/revisions"}],"predecessor-version":[{"id":1446,"href":"https:\/\/liceovalentinletelierrecoleta.cl\/blog\/index.php\/wp-json\/wp\/v2\/pages\/1409\/revisions\/1446"}],"up":[{"embeddable":true,"href":"https:\/\/liceovalentinletelierrecoleta.cl\/blog\/index.php\/wp-json\/wp\/v2\/pages\/1013"}],"wp:attachment":[{"href":"https:\/\/liceovalentinletelierrecoleta.cl\/blog\/index.php\/wp-json\/wp\/v2\/media?parent=1409"}],"curies":[{"name":"wp","href":"https:\/\/api.w.org\/{rel}","templated":true}]}}